h(i) = -3*i**2 - 2*i + 42*i**3 - 3*i + 6*i. Is h(2) a prime number?
False
Is 1/((2/126969)/(8/12)) composite?
False
Let f = -19451 + 47170. Is f a composite number?
True
Let x(g) be the first derivative of -14*g - 13 - 53/2*g**2. Is x(-17) composite?
False
Suppose 0 = -61*j + 57*j + 13036. Is j a composite number?
False
Let s be (-38)/57 - 4324/(-6). Suppose 0 = 5*f - s - 35825. Is f prime?
True
Suppose 0 = -b - r + 77484, 5*b + 3*r = 270399 + 117031. Is b a composite number?
False
Let g(o) be the first derivative of o**3/3 + 9*o**2/2 + 21*o - 10. Let i be g(-6). Suppose 2*m - 754 = i*r - 249, r = 1. Is m a prime number?
False
Suppose 0 = 3*i - i. Let w = 3 - i. Suppose 0 = -w*p + 4*g + 155, -p - 2*p + 158 = -g. Is p a composite number?
False
Is ((-117768)/(-16))/21*(0 - -2) composite?
False
Let w(d) = -21*d + 22. Let p(l) = -22*l + 21. Let q(g) = 7*p(g) - 6*w(g). Is q(-7) composite?
False
Let h be (-4)/16 - (-339)/24*-262. Let q = -2628 - h. Is q composite?
True
Suppose -2*i = 3*u + i + 12, 6 = -2*u - i. Is 1*(-541)/u*2 a prime number?
True
Let s = -410 - -5187. Is s a composite number?
True
Let k(m) = -26*m**3 + m**2 + 2*m - 2. Let w be k(1). Let y = -17 - w. Is (-2781)/6*y/(-12) a composite number?
True
Let v(k) = 6*k**2 - 7*k - 3. Let j(o) = o**2 - o. Let q(m) = 5*j(m) - v(m). Let b be q(3). Suppose -i - 3*i + 2068 = b. Is i prime?
False
Suppose 0 = -3*l + u + 11, -14 = 5*u + 11. Suppose -o = -l*m - 0*m + 223, 4*o = -m - 901. Let z = 632 + o. Is z a composite number?
True
Let c(h) = -54*h + 409. Is c(-18) a composite number?
False
Let p = -36351 + 53882. Is p composite?
True
Let p = -65 + 54. Is (1580/(-2) - (8 + p))*-1 a composite number?
False
Let p = -5913 - -10630. Is p composite?
True
Let l be 6/(-4) + 1/(-2). Suppose 0 = -5*r + 12*c - 10*c + 3, -4*r + c = 0. Is -74*((-11)/l)/r a prime number?
False
Let g(z) = -39*z + 7. Let u be g(-7). Let a = u + -63. Is a composite?
True
Is (-1297725)/(-300) + (-5)/(-4) a composite number?
False
Let q be (2/2)/(2 + (-9545)/4775). Suppose g - 2*n = 4*g - 11, 3*g = -4*n + 7. Suppose g*p + 5*a = q, -3*a + a = 0. Is p prime?
True
Let y be (9/12)/(2/8). Suppose 3*f - 861 - 13 = k, 859 = y*f - 4*k. Is f composite?
False
Is 48584*(7 - 81/12) a prime number?
False
Let l(f) = -5*f**3 - 16*f**2 - 11*f + 25. Let t(x) = 4*x**3 + 16*x**2 + 12*x - 24. Let g(o) = 5*l(o) + 6*t(o). Is g(10) a composite number?
False
Let o = 36 - 22. Let v = -10 + o. Let l(s) = 2*s**2 - 7*s + 6. Is l(v) prime?
False
Suppose 4*l = 2*k + 4 - 2, 9 = k + 3*l. Suppose 2*q + 4*j - 2*j - 18 = 0, k*q - 19 = j. Let s(o) = 3*o**2 - 6*o + 1. Is s(q) a composite number?
True
Let a(l) = -l + 10. Let p be a(5). Suppose 0*m + 30 = -p*m - 5*x, 3*m - 3*x = 0. Is (m + 1)*115/(-2) composite?
True
Let g = 3335 - 1626. Is g composite?
False
Let r be 1/(-2) + 7/(-2). Is 1*(56 + r + 3) composite?
True
Suppose -4*n - 838 = 1610. Let b = n + 959. Is b composite?
False
Let l(b) = 7*b**3 - 33*b**2 - 43*b + 31. Is l(13) prime?
False
Let u be 97/(-11) + 6/(-33). Let c be ((-1880)/30)/((-2)/u). Is (3/9)/((-2)/c) prime?
True
Let z(a) = 6*a**2 + 31*a + 144. Is z(-19) composite?
False
Let x = 33 - 95. Let w = 234 + x. Suppose -n = n - w. Is n a composite number?
True
Let s(g) = g**3 + 2*g**2 + 9*g + 10727. Is s(0) a prime number?
False
Suppose 2*i = -3*i. Suppose -c + 3*w + 2*w + 52 = i, -4*c - w + 271 = 0. Is c composite?
False
Let p be 3/15 - 19/(-5). Is -33*(p - 56/12) a composite number?
True
Let q(v) = -v**2 + 3*v + 18. Let z be q(6). Suppose z = 2*h + h - 6. Suppose -5*d = -3*d + 5*x - 596, -3*d - h*x = -883. Is d a prime number?
True
Suppose 6*h = -3*m + 72375, -6*m + 96511 = -2*m - 3*h. Is m prime?
False
Suppose 0 = 18*b - 104864 - 37354. Is b a composite number?
False
Suppose -5*b - 4*g = -32, 5*b = 4*g + g + 5. Suppose -48 = -3*z + h, b*h = 4*z - 4 - 68. Is z prime?
False
Is 571242/378 + 2/(-9) a composite number?
False
Let g(q) = -3 + 98*q + 5 + 61*q. Let n be 23 - 30 - 4*-2. Is g(n) a composite number?
True
Let x(y) = 953*y**2 + 37*y + 203. Is x(-5) composite?
True
Let k(g) be the second derivative of g**4/12 - 7*g**2 - 3*g. Let o be k(0). Is 4/14 - 2474/o a prime number?
False
Let j be ((-13)/(-26))/((-1)/(-2)). Is ((843 - 2)/1)/j prime?
False
Let a be (-1)/3 - (-9035)/15. Let b = -255 + a. Is b prime?
True
Suppose -2*n + 2 = b, 3*b - 5*n + 27 = 11. Let y be 32/(b + 5/2). Suppose -h + 17 = w, -4*h - y = -2*w - 0*h. Is w a prime number?
False
Let u(q) = 16*q**2 + 4*q - 49. Is u(-10) a composite number?
False
Let f = 10096 + -6052. Let d be f/10 - 8/20. Suppose 247 + d = 3*i. Is i composite?
True
Suppose 0 = 5*v - 75 - 60. Suppose -5*b + 200 = -b. Let c = b - v. Is c a composite number?
False
Suppose 0 = 3*n - 5*f + 15, 0 = -4*n + 3*f - 10 + 1. Let y = -74 - -473. Suppose 3*b - y = -n*b. Is b composite?
True
Let h(k) = 23*k**2 + k + 5. Let a = -13 - -18. Suppose -a*r + 23 = -4*i, 0 = 2*i + 3*i + 10. Is h(r) a composite number?
True
Let z = -5 + 8. Suppose 5*n = -0*n - o + 1258, 0 = n + z*o - 260. Is n a composite number?
False
Is 18944 - (42/(-7) - -3) a composite number?
False
Let v(b) be the first derivative of -77*b**4/4 - b**3 - 3*b**2/2 - 2*b + 6. Let z be v(-2). Let f = 967 - z. Is f prime?
True
Is 67080/90 - (-4)/6 composite?
True
Suppose -5*q = 2*g - 14191, -4*q + 11357 = -2*g + 5*g. Is q prime?
True
Let z(n) = n - 2. Let k be z(6). Let m(p) = -9*p**3 + 3*p**2 - 3*p - 3. Let h be m(k). Let d = -290 - h. Is d a composite number?
True
Let o = -30 - -42. Suppose -y = -o*y + 1793. Is y composite?
False
Let r(t) be the first derivative of 2*t**3/3 - 4*t**2 + 7*t - 12. Is r(4) composite?
False
Let a be (-8)/(-52) + (-86654)/(-26). Let r = a - 1696. Let d = r - 748. Is d a composite number?
True
Let u be ((-34)/10)/(-1) + 8/(-20). Suppose -4*y - g + 2*g = -1624, -u*y + 1233 = 3*g. Is y a composite number?
True
Let t = 500 + -109. Suppose 2*r - t = 4*s - 13, 5*s + 970 = 5*r. Is r prime?
True
Suppose -5*w + 5*s = -58785, 4*s = 2*w - 24808 + 1290. Is w composite?
True
Let b(d) = d**2 - 5*d. Let v be b(6). Suppose 0 = v*r - 3*r - 9. Suppose -r*s + 1166 - 173 = 0. Is s a prime number?
True
Suppose -3*a + 5*f = a + 20, 16 = -a + 4*f. Suppose -4*s - 2*v + 64 = a, s - 6 = v + 4. Is s a prime number?
False
Let l be 30/(-4)*(5 - 7). Let r be (-1)/4 - (-62)/(-8). Let k = l + r. Is k composite?
False
Let c(u) = 137*u + 147*u + 1 + 32*u**2 - 282*u + 34*u**2. Let t = 2 - 3. Is c(t) a composite number?
True
Let u(l) = l**3 + 23*l**2 - 52*l - 55. Let p be u(-25). Is (-1)/p + 42140/50 prime?
False
Let x(w) = -2*w + 17. Let h(o) = 5*o - 35. Let z(k) = -6*h(k) - 13*x(k). Let u be z(-8). Suppose 2*t - 5*t = -u. Is t composite?
False
Suppose 3*i + 5*y = 321, 92 = i + 5*y - 25. Suppose -5*c = -2*u + 50, 2*c = -3*u + 145 - 32. Let t = i - u. Is t prime?
True
Suppose 0 = 3*q - 5*w - 26, 2*q - 4 = -2*q - w. Let j(x) = -2*x + 2. Let s be j(-2). Suppose -4*g = b - 29, -q*b + s*g = 2*g - 82. Is b prime?
True
Let c = -5934 + 18221. Is c composite?
True
Let c(z) = 20*z - 9. Let d = -38 + 55. Is c(d) composite?
False
Is -471*(4 + 184/(-24)) a composite number?
True
Let u(i) = -10*i**3 - 10*i**2 + 14*i + 113. Is u(-8) composite?
False
Suppose -8*s = -4*s - 5044. Is s composite?
True
Suppose -165 = -u + 5*p, -5*u + 758 = 5*p - 217. Let x = u - 133. Is x a prime number?
False
Let n(u) = 257*u**2 - 5*u - 1. Let o(b) = -b**2 + b. Let v(k) = n(k) + 4*o(k). Is v(2) composite?
False
Let v(k) = 0 - 9 + k + 6. Let z be v(6). Suppose 6 = z*s, -n = 3*n - 2*s - 376. Is n prime?
False
Let l be (-2 + 2)/(-1) + -69. Let i = l - -99. Is 222/(-4)*(-340)/i prime?
False
Let s(t) = 1 + 14*t**2 - 5 - 2*t - 3*t - 4*t**2. Let d be s(-3). Let k = 800 + d. Is k a prime number?
False
Let t be ((-4)/(-12))/(3/45). Suppose -1567 = -t*z + y, 0 = 5*y - 3*y - 6. Is z a composite number?
True
Is (-4)/(-6)*((-379842)/(-4))/29 a composite number?
True
Let h be ((-30)/7)/((-6)/28). Let m = h + -18. Suppose -4*s + m*p + 2*p = -148, -2*s + 74 = 4*p. Is s prime?
True
Let r(n) = 4*n**3 - n**2 + 7*n - 1. Let y = 9 - 16. Let j(f) = -8*f**3 + 3*f**2 - 13*f + 2. Let d(q) = y*r(q) - 4*j(q). Is d(4) prime?
False
Suppose 65*y - 70*y = -14055. Is y composite?
True
Suppose 0*i = -3*i + 3*f + 12, 4*f = 2*i - 12. Let y(k) = 240*